0?
25
Calculate the remainder when 1083 is divided by 14.
5
What is the remainder when 1525 is divided by 369?
49
What is the remainder when 3232 is divided by 231?
229
Calculate the remainder when 85 is divided by 25.
10
What is the remainder when 1796 is divided by 892?
12
Calculate the remainder when 353 is divided by 180.
173
Calculate the remainder when 212 is divided by 30.
2
What is the remainder when 575 is divided by 164?
83
What is the remainder when 188 is divided by 119?
69
What is the remainder when 1172 is divided by 59?
51
What is the remainder when 423 is divided by 67?
21
What is the remainder when 737 is divided by 60?
17
What is the remainder when 1190 is divided by 60?
50
Calculate the remainder when 324 is divided by 30.
24
What is the remainder when 294 is divided by 112?
70
What is the remainder when 364 is divided by 162?
40
Calculate the remainder when 3756 is divided by 104.
12
Calculate the remainder when 416 is divided by 59.
3
What is the remainder when 435 is divided by 74?
65
Calculate the remainder when 1991 is divided by 23.
13
What is the remainder when 1443 is divided by 477?
12
Calculate the remainder when 225 is divided by 15.
0
What is the remainder when 41 is divided by 33?
8
What is the remainder when 5484 is divided by 609?
3
What is the remainder when 811 is divided by 270?
1
What is the remainder when 3371 is divided by 374?
5
What is the remainder when 101 is divided by 48?
5
Calculate the remainder when 41 is divided by 24.
17
Calculate the remainder when 122 is divided by 33.
23
Calculate the remainder when 1195 is divided by 60.
55
What is the remainder when 617 is divided by 31?
28
What is the remainder when 123 is divided by 32?
27
What is the remainder when 3050 is divided by 67?
35
What is the remainder when 77 is divided by 26?
25
What is the remainder when 3188 is divided by 13?
3
Calculate the remainder when 1206 is divided by 15.
6
What is the remainder when 2269 is divided by 743?
40
Calculate the remainder when 338 is divided by 166.
6
What is the remainder when 17233 is divided by 78?
73
Calculate the remainder when 252 is divided by 63.
0
Calculate the remainder when 1635 is divided by 327.
0
Calculate the remainder when 5137 is divided by 45.
7
Calculate the remainder when 7576 is divided by 32.
24
What is the remainder when 255 is divided by 10?
5
Calculate the remainder when 216 is divided by 20.
16
What is the remainder when 766 is divided by 41?
28
Calculate the remainder when 266 is divided by 117.
32
Calculate the remainder when 396 is divided by 267.
129
What is the remainder when 1229 is divided by 11?
8
Calculate the remainder when 463 is divided by 52.
47
Calculate the remainder when 96 is divided by 21.
12
Calculate the remainder when 595 is divided by 46.
43
Calculate the remainder when 123 is divided by 44.
35
Calculate the remainder when 179 is divided by 36.
35
What is the remainder when 916 is divided by 86?
56
Calculate the remainder when 3100 is divided by 32.
28
What is the remainder when 419 is divided by 103?
7
What is the remainder when 4115 is divided by 98?
97
What is the remainder when 195 is divided by 51?
42
What is the remainder when 250 is divided by 128?
122
Calculate the remainder when 296 is divided by 9.
8
What is the remainder when 1726 is divided by 34?
26
What is the remainder when 334 is divided by 48?
46
Calculate the remainder when 45 is divided by 14.
3
What is the remainder when 2088 is divided by 10?
8
Calculate the remainder when 1383 is divided by 66.
63
Calculate the remainder when 196 is divided by 40.
36
Calculate the remainder when 647 is divided by 27.
26
What is the remainder when 522 is divided by 204?
114
Calculate the remainder when 322 is divided by 19.
18
What is the remainder when 1466 is divided by 13?
10
Calculate the remainder when 202 is divided by 198.
4
What is the remainder when 2163 is divided by 197?
193
What is the remainder when 1007 is divided by 48?
47
What is the remainder when 1363 is divided by 73?
49
Calculate the remainder when 5380 is divided by 69.
67
Calculate the remainder when 1644 is divided by 13.
6
What is the remainder when 639 is divided by 20?
19
What is the remainder when 3680 is divided by 231?
215
What is the remainder when 406 is divided by 68?
66
What is the remainder when 600 is divided by 151?
147
What is the remainder when 250 is divided by 82?
4
Calculate the remainder when 897 is divided by 53.
49
What is the remainder when 291 is divided by 20?
11
What is the remainder when 304 is divided by 41?
17
What is the remainder when 7834 is divided by 38?
6
What is the remainder when 1314 is divided by 53?
42
What is the remainder when 190 is divided by 60?
10
What is the remainder when 388 is divided by 206?
182
What is the remainder when 1053 is divided by 38?
27
What is the remainder when 263 is divided by 37?
4
Calculate the remainder when 109 is divided by 29.
22
Calculate the remainder when 770 is divided by 95.
10
What is the remainder when 376 is divided by 9?
7
Calculate the remainder when 71 is divided by 18.
17
What is the remainder when 108 is divided by 28?
24
What is the remainder when 260 is divided by 2?
0
What is the remainder when 3699 is divided by 59?
41
What is the remainder when 2578 is divided by 371?
352
What is the remainder when 103 is divided by 9?
4
Calculate the remainder when 108 is divided by 20.
8
Calculate the remainder when 2791 is divided by 22.
19
What is the remainder when 2208 is divided by 9?
3
What is the remainder when 814 is divided by 2?
0
Calculate the remainder when 937 is divided by 231.
13
Calculate the remainder when 545 is divided by 146.
107
What is the remainder when 310 is divided by 9?
4
What is the remainder when 265 is divided by 127?
11
What is the remainder when 2118 is divided by 89?
71
What is the remainder when 116 is divided by 83?
33
What is the remainder when 14350 is divided by 15?
10
What is the remainder when 394 is divided by 49?
2
What is the remainder when 25751 is divided by 15?
11
Calculate the remainder when 108 is divided by 37.
34
What is the remainder when 286 is divided by 138?
10
Calculate the remainder when 233 is divided by 80.
73
Calculate the remainder when 184 is divided by 19.
13
What is the remainder when 1252 is divided by 38?
36
What is the remainder when 667 is divided by 73?
10
What is the remainder when 199 is divided by 33?
1
What is the remainder when 1305 is divided by 119?
115
What is the remainder when 383 is divided by 78?
71
Calculate the remainder when 18814 is divided by 25.
14
What is the remainder when 2299 is divided by 39?
37
What is the remainder when 194 is divided by 28?
26
Calculate the remainder when 2259 is divided by 750.
9
Calculate the remainder when 2291 is divided by 62.
59
Calculate the remainder when 1779 is divided by 37.
3
What is the remainder when 470 is divided by 19?
14
Calculate the remainder when 180 is divided by 54.
18
What is the remainder when 669 is divided by 515?
154
What is the remainder when 1789 is divided by 374?
293
Calculate the remainder when 330 is divided by 84.
78
Calculate the remainder when 1596 is divided by 10.
6
Calculate the remainder when 440 is divided by 34.
32
What is the remainder when 710 is divided by 230?
20
What is the remainder when 210 is divided by 53?
51
What is the remainder when 139 is divided by 64?
11
Calculate the remainder when 282 is divided by 26.
22
Calculate the remainder when 4571 is divided by 88.
83
What is the remainder when 386 is divided by 163?
60
Calculate the remainder when 1220 is divided by 18.
14
What is the remainder when 560 is divided by 190?
180
What is the remainder when 894 is divided by 39?
36
Calculate the remainder when 426 is divided by 33.
30
Calculate the remainder when 236 is divided by 40.
36
What is the remainder when 3595 is divided by 29?
28
Calculate the remainder when 654 is divided by 37.
25
What is the remainder when 243 is divided by 50?
43
Calculate the remainder when 1369 is divided by 21.
4
Calculate the remainder when 3833 is divided by 1915.
3
What is the remainder when 1605 is divided by 506?
87
Calculate the remainder when 337 is divided by 34.
31
What is the remainder when 2277 is divid